hat are the prime factors of 388?
2, 97
What are the prime factors of 3205?
5, 641
List the prime factors of 91070.
2, 5, 7, 1301
List the prime factors of 1925.
5, 7, 11
What are the prime factors of 28954?
2, 31, 467
List the prime factors of 50813.
7, 17, 61
List the prime factors of 10656.
2, 3, 37
List the prime factors of 844.
2, 211
List the prime factors of 30314.
2, 23, 659
List the prime factors of 42277.
67, 631
List the prime factors of 8318.
2, 4159
What are the prime factors of 1456?
2, 7, 13
What are the prime factors of 43392?
2, 3, 113
What are the prime factors of 442?
2, 13, 17
List the prime factors of 5769.
3, 641
List the prime factors of 586.
2, 293
List the prime factors of 34042.
2, 17021
List the prime factors of 12000.
2, 3, 5
What are the prime factors of 829?
829
What are the prime factors of 10558?
2, 5279
List the prime factors of 3485.
5, 17, 41
What are the prime factors of 5701?
5701
List the prime factors of 4711.
7, 673
List the prime factors of 2929.
29, 101
What are the prime factors of 72783?
3, 8087
List the prime factors of 6783.
3, 7, 17, 19
List the prime factors of 422.
2, 211
List the prime factors of 98571.
3, 11, 29, 103
List the prime factors of 21220.
2, 5, 1061
What are the prime factors of 10894?
2, 13, 419
List the prime factors of 3179.
11, 17
List the prime factors of 1095.
3, 5, 73
List the prime factors of 3224.
2, 13, 31
What are the prime factors of 7136?
2, 223
What are the prime factors of 2376?
2, 3, 11
What are the prime factors of 314?
2, 157
What are the prime factors of 16009?
7, 2287
List the prime factors of 784.
2, 7
What are the prime factors of 3411?
3, 379
List the prime factors of 85078.
2, 7, 59, 103
What are the prime factors of 638?
2, 11, 29
What are the prime factors of 45632?
2, 23, 31
List the prime factors of 26812.
2, 6703
List the prime factors of 6575.
5, 263
List the prime factors of 5602.
2, 2801
List the prime factors of 31063.
31063
List the prime factors of 894.
2, 3, 149
What are the prime factors of 6165?
3, 5, 137
List the prime factors of 5855.
5, 1171
List the prime factors of 1077.
3, 359
List the prime factors of 2374.
2, 1187
What are the prime factors of 6677?
11, 607
List the prime factors of 1321.
1321
List the prime factors of 1117.
1117
List the prime factors of 53182.
2, 26591
List the prime factors of 13280.
2, 5, 83
List the prime factors of 3948.
2, 3, 7, 47
List the prime factors of 12447.
3, 461
List the prime factors of 104179.
104179
What are the prime factors of 8300?
2, 5, 83
List the prime factors of 37059.
3, 11, 1123
List the prime factors of 4978.
2, 19, 131
List the prime factors of 187.
11, 17
What are the prime factors of 474?
2, 3, 79
List the prime factors of 25483.
17, 1499
List the prime factors of 1485.
3, 5, 11
List the prime factors of 9353.
47, 199
What are the prime factors of 17578?
2, 11, 17, 47
What are the prime factors of 33906?
2, 3, 5651
What are the prime factors of 32968?
2, 13, 317
What are the prime factors of 114?
2, 3, 19
List the prime factors of 1357.
23, 59
List the prime factors of 25997.
25997
What are the prime factors of 9180?
2, 3, 5, 17
What are the prime factors of 250?
2, 5
List the prime factors of 15973.
15973
What are the prime factors of 2228?
2, 557
List the prime factors of 17272.
2, 17, 127
List the prime factors of 87958.
2, 13, 17, 199
What are the prime factors of 4269?
3, 1423
What are the prime factors of 8705?
5, 1741
What are the prime factors of 3942?
2, 3, 73
List the prime factors of 1877.
1877
What are the prime factors of 2446?
2, 1223
List the prime factors of 93.
3, 31
What are the prime factors of 380?
2, 5, 19
List the prime factors of 4970.
2, 5, 7, 71
What are the prime factors of 7254?
2, 3, 13, 31
List the prime factors of 3351.
3, 1117
What are the prime factors of 7515?
3, 5, 167
List the prime factors of 635.
5, 127
What are the prime factors of 1866?
2, 3, 311
What are the prime factors of 5447?
13, 419
List the prime factors of 5012.
2, 7, 179
List the prime factors of 774.
2, 3, 43
List the prime factors of 36372.
2, 3, 7, 433
List the prime factors of 3761.
3761
List the prime factors of 76940.
2, 5, 3847
List the prime factors of 13330.
2, 5, 31, 43
List the prime factors of 2662.
2, 11
What are the prime factors of 688?
2, 43
List the prime factors of 1888.
2, 59
What are the prime factors of 11405?
5, 2281
List the prime factors of 21112.
2, 7, 13, 29
List the prime factors of 381.
3, 127
List the prime factors of 1031.
1031
What are the prime factors of 5966?
2, 19, 157
List the prime factors of 31071.
3, 10357
What are the prime factors of 1018?
2, 509
What are the prime factors of 10493?
7, 1499
List the prime factors of 16598.
2, 43, 193
List the prime factors of 492.
2, 3, 41
List the prime factors of 95238.
2, 3, 11, 13, 37
What are the prime factors of 971?
971
List the prime factors of 6945.
3, 5, 463
What are the prime factors of 485?
5, 97
What are the prime factors of 1943?
29, 67
What are the prime factors of 13141?
17, 773
What are the prime factors of 1258?
2, 17, 37
List the prime factors of 12723.
3, 4241
List the prime factors of 745.
5, 149
What are the prime factors of 19597?
19597
List the prime factors of 658.
2, 7, 47
What are the prime factors of 4615?
5, 13, 71
List the prime factors of 4438.
2, 7, 317
List the prime factors of 281.
281
What are the prime factors of 125029?
125029
List the prime factors of 99197.
7, 37, 383
List the prime factors of 84043.
229, 367
What are the prime factors of 247?
13, 19
List the prime factors of 9838.
2, 4919
List the prime factors of 3630.
2, 3, 5, 11
List the prime factors of 1229.
1229
What are the prime factors of 3077?
17, 181
List the prime factors of 90049.
17, 5297
List the prime factors of 43100.
2, 5, 431
What are the prime factors of 28575?
3, 5, 127
List the prime factors of 17183.
17183
What are the prime factors of 4408?
2, 19, 29
List the prime factors of 67355.
5, 19, 709
List the prime factors of 3562.
2, 13, 137
List the prime factors of 3220.
2, 5, 7, 23
List the prime factors of 17778.
2, 3, 2963
List the prime factors of 201678.
2, 3, 33613
What are the prime factors of 689?
13, 53
What are the prime factors of 62110?
2, 5, 6211
List the prime factors of 3659.
3659
What are the prime factors of 119892?
2, 3, 97, 103
What are the prime factors of 35570?
2, 5, 3557
What are the prime factors of 80465?
5, 7, 11, 19
What are the prime factors of 18324?
2, 3, 509
List the prime factors of 6056.
2, 757
What are the prime factors of 184?
2, 23
What are the prime factors of 170?
2, 5, 17
What are the prime factors of 8438?
2, 4219
What are the prime factors of 7926?
2, 3, 1321
List the prime factors of 1415.
5, 283
List the prime factors of 1501.
19, 79
What are the prime factors of 5088?
2, 3, 53
List the prime factors of 105315.
3, 5, 7, 17, 59
What are the prime factors of 29052?
2, 3, 269
What are the prime factors of 10539?
3, 1171
List the prime factors of 13194.
2, 3, 733
List the prime factors of 2943.
3, 109
What are the prime factors of 1101?
3, 367
List the prime factors of 17318.
2, 7, 1237
List the prime factors of 7955.
5, 37, 43
List the prime factors of 781.
11, 71
What are the prime factors of 805?
5, 7, 23
List the prime factors of 1301.
1301
List the prime factors of 6984.
2, 3, 97
List the prime factors of 26260.
2, 5, 13, 101
List the prime factors of 9924.
2, 3, 827
List the prime factors of 1687.
7, 241
What are the prime factors of 989?
23, 43
What are the prime factors of 121738?
2, 60869
What are the prime factors of 10674?
2, 3, 593
What are the prime factors of 16284?
2, 3, 23, 59
What are the prime factors of 50703?
3, 16901
List the prime factors of 4839.
3, 1613
List the prime factors of 3160.
2, 5, 79
What are the prime factors of 2148?
2, 3, 179
What are the prime factors of 44573?
29, 53
What are the prime factors of 37692?
2, 3, 349
List the prime factors of 1900.
2, 5, 19
What are the prime factors of 47355?
3, 5, 7, 11, 41
List the prime factors of 7503.
3, 41, 61
What are the prime factors of 784?
2, 7
List the prime factors of 35866.
2, 79, 227
What are the prime factors of 29030?
2, 5, 2903
What are the prime factors of 52532?
2, 23, 571
What